s of 4328392?
2, 541049
What are the prime factors of 178416?
2, 3, 7, 59
What are the prime factors of 391110?
2, 3, 5, 13037
List the prime factors of 5014340.
2, 5, 409, 613
List the prime factors of 1963396.
2, 490849
What are the prime factors of 3542669?
13, 29, 9397
What are the prime factors of 94927?
7, 71, 191
What are the prime factors of 1038638?
2, 251, 2069
List the prime factors of 610640.
2, 5, 17, 449
What are the prime factors of 24163?
73, 331
What are the prime factors of 7375810?
2, 5, 13, 56737
What are the prime factors of 440841?
3, 23, 6389
What are the prime factors of 49354?
2, 24677
List the prime factors of 252431.
252431
What are the prime factors of 214777?
397, 541
List the prime factors of 451040.
2, 5, 2819
List the prime factors of 4050638.
2, 251, 8069
List the prime factors of 5353049.
13, 31, 37, 359
List the prime factors of 12362847.
3, 7, 37, 2273
List the prime factors of 8706521.
2293, 3797
What are the prime factors of 764546?
2, 251, 1523
What are the prime factors of 691398?
2, 3, 71, 541
What are the prime factors of 417824?
2, 11, 1187
What are the prime factors of 189880?
2, 5, 47, 101
List the prime factors of 27666054.
2, 3, 13, 137, 863
List the prime factors of 14261664.
2, 3, 53, 2803
What are the prime factors of 1481362?
2, 740681
What are the prime factors of 1006639?
19, 52981
List the prime factors of 1166689.
53, 22013
List the prime factors of 4722047.
11, 429277
What are the prime factors of 265810?
2, 5, 19, 1399
What are the prime factors of 44098754?
2, 7, 3149911
List the prime factors of 6485287.
23, 457, 617
List the prime factors of 5480185.
5, 503, 2179
List the prime factors of 759306.
2, 3, 126551
What are the prime factors of 277993?
277993
What are the prime factors of 9207910?
2, 5, 920791
What are the prime factors of 443091?
3, 11, 29, 463
List the prime factors of 154714.
2, 7, 43, 257
What are the prime factors of 1956977?
11, 177907
What are the prime factors of 11048801?
113, 97777
List the prime factors of 178415.
5, 17, 2099
List the prime factors of 1427919.
3, 475973
What are the prime factors of 26523482?
2, 13261741
List the prime factors of 155718.
2, 3, 41, 211
List the prime factors of 373089.
3, 124363
What are the prime factors of 6615?
3, 5, 7
List the prime factors of 739653.
3, 17, 14503
What are the prime factors of 12618730?
2, 5, 97, 13009
What are the prime factors of 1672729?
31, 53959
What are the prime factors of 397442?
2, 19, 10459
What are the prime factors of 945012?
2, 3, 61, 1291
List the prime factors of 10318470.
2, 3, 5, 41, 8389
List the prime factors of 11400439.
11400439
List the prime factors of 276318.
2, 3, 7, 17, 43
What are the prime factors of 1883911?
73, 131, 197
What are the prime factors of 9489620?
2, 5, 7, 67783
What are the prime factors of 232020?
2, 3, 5, 1289
What are the prime factors of 754666?
2, 11, 34303
What are the prime factors of 217757?
71, 3067
List the prime factors of 1910359.
11, 173669
List the prime factors of 212983.
373, 571
What are the prime factors of 1918662?
2, 3, 89, 3593
What are the prime factors of 247855?
5, 19, 2609
List the prime factors of 197539.
197539
List the prime factors of 630889.
7, 90127
List the prime factors of 16600340.
2, 5, 830017
What are the prime factors of 6027403?
23, 71, 3691
What are the prime factors of 14895073?
14895073
List the prime factors of 284783.
284783
What are the prime factors of 693900?
2, 3, 5, 257
What are the prime factors of 934657?
37, 25261
What are the prime factors of 30298?
2, 15149
What are the prime factors of 1011131?
11, 91921
List the prime factors of 1427293.
7, 29, 79, 89
What are the prime factors of 35021?
7, 5003
List the prime factors of 28959804.
2, 3, 167, 4817
What are the prime factors of 34911258?
2, 3, 5818543
What are the prime factors of 1999259?
443, 4513
What are the prime factors of 336679?
7, 6871
What are the prime factors of 8005938?
2, 3, 947, 1409
List the prime factors of 11867314.
2, 5933657
What are the prime factors of 2142321?
3, 714107
List the prime factors of 732577.
599, 1223
List the prime factors of 87912.
2, 3, 11, 37
List the prime factors of 17754.
2, 3, 11, 269
What are the prime factors of 1200253?
1200253
List the prime factors of 200653.
163, 1231
List the prime factors of 506902.
2, 11, 23041
What are the prime factors of 15807839?
47, 317, 1061
What are the prime factors of 2395718?
2, 13, 92143
What are the prime factors of 10506501?
3, 389, 3001
What are the prime factors of 9928333?
9928333
List the prime factors of 2990494.
2, 13, 115019
List the prime factors of 2791601.
439, 6359
List the prime factors of 38072585.
5, 47, 162011
List the prime factors of 385984.
2, 37, 163
List the prime factors of 5726305.
5, 13, 37, 2381
What are the prime factors of 671637?
3, 131, 1709
What are the prime factors of 10115929?
23, 439823
List the prime factors of 145820.
2, 5, 23, 317
List the prime factors of 14395897.
211, 68227
What are the prime factors of 328660?
2, 5, 16433
What are the prime factors of 711122?
2, 107, 3323
What are the prime factors of 536383?
23, 23321
List the prime factors of 23301546.
2, 3, 3883591
What are the prime factors of 3773532?
2, 3, 7, 167, 269
What are the prime factors of 2845515?
3, 5, 189701
What are the prime factors of 7659?
3, 23, 37
List the prime factors of 8198814.
2, 3, 13, 257, 409
List the prime factors of 1732273.
1732273
List the prime factors of 2358982.
2, 1179491
What are the prime factors of 3234876?
2, 3, 269573
List the prime factors of 1340616.
2, 3, 83, 673
List the prime factors of 29186293.
43, 809, 839
List the prime factors of 360780.
2, 3, 5, 7, 859
What are the prime factors of 247936?
2, 13, 149
List the prime factors of 4538674.
2, 7, 29, 1597
What are the prime factors of 1729922?
2, 23, 37607
What are the prime factors of 11603519?
11603519
List the prime factors of 204588.
2, 3, 5683
What are the prime factors of 219352?
2, 7, 3917
List the prime factors of 10313305.
5, 17, 121333
List the prime factors of 188303.
188303
List the prime factors of 5359103.
397, 13499
What are the prime factors of 324486?
2, 3, 2003
List the prime factors of 22417.
29, 773
List the prime factors of 9154299.
3, 7, 11, 23, 1723
List the prime factors of 9029448.
2, 3, 17, 2459
What are the prime factors of 769517?
7, 211, 521
List the prime factors of 918696.
2, 3, 101, 379
List the prime factors of 2958299.
31, 95429
What are the prime factors of 96577?
13, 17, 19, 23
List the prime factors of 1588538.
2, 7, 113467
What are the prime factors of 99869?
7, 11, 1297
List the prime factors of 1852010.
2, 5, 43, 59, 73
List the prime factors of 229402.
2, 23, 4987
What are the prime factors of 950252?
2, 237563
What are the prime factors of 2766750?
2, 3, 5, 7, 17, 31
List the prime factors of 12090338.
2, 13, 465013
List the prime factors of 2695584.
2, 3, 43, 653
What are the prime factors of 308843?
61, 83
What are the prime factors of 2158991?
79, 27329
List the prime factors of 10384296.
2, 3, 13, 83, 401
List the prime factors of 90600.
2, 3, 5, 151
List the prime factors of 17519372.
2, 13, 336911
List the prime factors of 1561129.
31, 50359
List the prime factors of 179386.
2, 257, 349
List the prime factors of 11133943.
19, 585997
List the prime factors of 216823.
53, 4091
What are the prime factors of 2707057?
2707057
What are the prime factors of 236946?
2, 3, 17, 23, 101
List the prime factors of 1252285.
5, 211, 1187
List the prime factors of 6256738.
2, 19, 229, 719
List the prime factors of 740421.
3, 11, 277
List the prime factors of 4416011.
4416011
What are the prime factors of 5333324?
2, 1333331
What are the prime factors of 2401714?
2, 7, 19, 9029
List the prime factors of 22702273.
11, 29, 71167
What are the prime factors of 16430280?
2, 3, 5, 23, 5953
What are the prime factors of 7751050?
2, 5, 19, 41, 199
List the prime factors of 14038031.
7, 41, 1193
List the prime factors of 52043.
71, 733
What are the prime factors of 31863482?
2, 7, 199, 11437
List the prime factors of 1902731.
89, 21379
What are the prime factors of 436335?
3, 5, 19, 1531
What are the prime factors of 8111040?
2, 3, 5, 7, 17, 71
What are the prime factors o